{"id":9,"date":"2015-02-06T19:45:52","date_gmt":"2015-02-06T19:45:52","guid":{"rendered":"http:\/\/josavin.de\/wordpress\/?page_id=9"},"modified":"2024-01-14T23:24:22","modified_gmt":"2024-01-14T23:24:22","slug":"bio-gitarre-gitarrenunterricht-frankfurt-nordend-grafik-kreation-unterricht","status":"publish","type":"page","link":"https:\/\/josavin.de\/wordpress\/bio-gitarre-gitarrenunterricht-frankfurt-nordend-grafik-kreation-unterricht\/","title":{"rendered":"\u00dcber mich"},"content":{"rendered":"<div class=\"su-row\"><div class=\"su-column su-column-size-1-3\"><div class=\"su-column-inner su-u-clearfix su-u-trim\">\n<div class=\"testbox1\">\n<h2>Gitarrist und Gestalter:<\/h2>\n<p>Gitarrenlehrer: Privater Gitarrenunterricht, Lehrt\u00e4tigkeit als Dozent an der VHS, Oberursel, Kronberg, Musikschule Clavina H\u00f6chst, Freiberuflicher Grafik-Designer: Kommerz, Bild-Ton-Kunstprojekte und Animationen.<\/p>\n<\/div>\n<\/div><\/div>\n<div class=\"su-column su-column-size-1-3\"><div class=\"su-column-inner su-u-clearfix su-u-trim\"> <img loading=\"lazy\" decoding=\"async\" class=\"alignleft wp-image-522 size-full\" src=\"https:\/\/josavin.de\/wordpress\/wp-content\/uploads\/2015\/02\/js_musik_schreiben.jpg\" alt=\"Gitarrenunterricht Anf\u00e4nger-Fortgeschrittene\" width=\"300\" height=\"135\" srcset=\"https:\/\/josavin.de\/wordpress\/wp-content\/uploads\/2015\/02\/js_musik_schreiben.jpg 300w, https:\/\/josavin.de\/wordpress\/wp-content\/uploads\/2015\/02\/js_musik_schreiben-250x113.jpg 250w, https:\/\/josavin.de\/wordpress\/wp-content\/uploads\/2015\/02\/js_musik_schreiben-150x68.jpg 150w\" sizes=\"auto, (max-width: 300px) 100vw, 300px\" \/><\/div><\/div>\n<div class=\"su-column su-column-size-1-3\"><div class=\"su-column-inner su-u-clearfix su-u-trim\"><img loading=\"lazy\" decoding=\"async\" class=\"alignleft wp-image-523 size-full\" src=\"https:\/\/josavin.de\/wordpress\/wp-content\/uploads\/2015\/02\/js_musik_zeichnen.jpg\" alt=\"Unterricht Jazz-Blues-Rock-Latin\" width=\"300\" height=\"135\" srcset=\"https:\/\/josavin.de\/wordpress\/wp-content\/uploads\/2015\/02\/js_musik_zeichnen.jpg 300w, https:\/\/josavin.de\/wordpress\/wp-content\/uploads\/2015\/02\/js_musik_zeichnen-250x113.jpg 250w, https:\/\/josavin.de\/wordpress\/wp-content\/uploads\/2015\/02\/js_musik_zeichnen-150x68.jpg 150w\" sizes=\"auto, (max-width: 300px) 100vw, 300px\" \/><\/div><\/div>\n<div class=\"su-row\"><\/div>\n<div class=\"su-column su-column-size-1-1\"><div class=\"su-column-inner su-u-clearfix su-u-trim\">\n<h3><strong>Balanciert unerm\u00fcdlich und mutig zwischen Musikmachen, Gitarrenunterricht, Kunst und Kommerz.<\/strong><\/h3>\n<p>Seine T\u00e4tigkeit ist ein MIX aus gestalteten visuellen, konzeptionellen Arbeiten und der Musik. Er verbrachte in seinem Leben ungef\u00e4hr die gleiche Zeit mit dem Zeichenstift und am Mac wie mit der Gitarre. <\/div><\/div><\/div>\n<div class=\"su-row\">\n<div class=\"su-column su-column-size-1-2\"><div class=\"su-column-inner su-u-clearfix su-u-trim\">\n<h3><strong><img loading=\"lazy\" decoding=\"async\" class=\"alignleft wp-image-404 size-full\" src=\"https:\/\/josavin.de\/wordpress\/wp-content\/uploads\/2015\/02\/Bildschirmfoto-2015-02-22-um-02.58.23.png\" alt=\"Jo Savin Notenschl\u00fcssel\" width=\"71\" height=\"76\" \/>Musikseite:<\/strong><\/h3>\n<h4><span style=\"text-decoration: underline;\">Bandaktivit\u00e4ten<\/span><\/h4>\n<p>in W\u00fcrzburg, Gitarrenduo, Cosmic Trigger (Rockband), einige Auftritte in W\u00fcrzburg und Schweinfurt, Jazzband Aktivit\u00e4ten in Frankfurt (Duo, Quartett,) mit Auftritten bei privaten Veranstaltungen, Firmenfesten, Jubil\u00e4umsfeiern, Strassenfesten, Vernissagen (Duo), Museumsufer.<\/p>\n<p><span style=\"text-decoration: underline;\">Digitale Soundbearbeitung<\/span>: Vertonung und Sprache f\u00fcr Flashanimation und f\u00fcr Animationsfilme f\u00fcr Bund Hessen, animierter Filmbeitrag f\u00fcr Kunstausstellung in der Orangerie W\u00fcrzburg. <\/div><\/div>\n<div class=\"su-column su-column-size-1-2\"><div class=\"su-column-inner su-u-clearfix su-u-trim\">\n<h3><strong><img loading=\"lazy\" decoding=\"async\" class=\"alignleft wp-image-424 size-full\" src=\"https:\/\/josavin.de\/wordpress\/wp-content\/uploads\/2015\/02\/smily.png\" alt=\"jo savin bio_smily\" width=\"69\" height=\"66\" \/>Visuell-konzeptionelle Arbeiten:<\/strong><\/h3>\n<h4><span style=\"text-decoration: underline;\">Art Direction:<\/span><\/h4>\n<p>Mitarbeiter in Festanstellung bei verschiedenen Werbeagenturen als kreativer Kopf, Art Direktor zust\u00e4ndig f\u00fcr die Konzeption und Gestaltung unterschiedlichster Produkte.<\/p>\n<p><span style=\"text-decoration: underline;\">Arbeiten als Freelancer:<\/span> (freier Art Direktor) f\u00fcr Werbeagenturen, analoge und digitale Illustrationen, Animationen , Webdesign CMS (WordPress), HTML, CSS, Bildbearbeitung, Webkonzeption, Corporate Design, Gestaltung f\u00fcr KMU.<\/p>\n<p>Eigene Beitr\u00e4ge (Cartoon, <a href=\"https:\/\/josavin.de\/wordpress\/jo-savin-animation\/\">Animation<\/a>) und Mitarbeit an Cartoon- und Kunstausstellung.<\/p>\n<p>Faible f\u00fcr lustige Illustrationen und <a href=\"https:\/\/josavin.de\/wordpress\/katzen-moll\/\">Cartoons<\/a>, bewegte Bilder und Vertonen von bewegten Bildern, Dramaturgie, Storytelling.<\/p>\n<p>N\u00e4heres: <a href=\"http:\/\/www.groovygrafillero.de\" target=\"_blank\" rel=\"noopener noreferrer\">www.groovygrafillero.de<\/a> <\/div><\/div>\n<\/div>\n<p>&nbsp;<\/p>\n<div class=\"su-row\">\n<div class=\"su-column su-column-size-1-2\"><div class=\"su-column-inner su-u-clearfix su-u-trim\"> Seine musikalischen Interessen sind breit gef\u00e4chert. Bei gitarrenorientierter Musik wird er sehr hellh\u00f6rig. Improvisierte Musik aus dem Jazz, Fusion, Rock und Latin Bereich l\u00e4sst allerding sein Herz h\u00f6her schlagen. Gepr\u00e4gt wurde er zun\u00e4chst durch die Kl\u00e4nge der Siebziger. Hendrix und Blackmore waren die ersten Gitarristen die seine Neugier anstachelten. Schnell kamen diverse andere Rockgitarristen der Siebziger dazu, dann Joe Pass und all die Typen aus den verschiedenen Jazz Epochen. Sp\u00e4ter dann Paco DeLucia, John Sco., J. McLoughlin. Remler, J.Hall, Wes&#8230; Irgendwann wu\u00dfte er nicht mehr welche Musiker\/In er zuerst h\u00f6ren sollte . Und das waren gerade mal nur aus dem Bereich Gitarre. Andere Musiker drangen in sein Bewu\u00dftsein ein: Miles, Coltrane, McCoy, dann Musiker neueren Datums&#8230; <\/div><\/div><div class=\"su-column su-column-size-1-2\"><div class=\"su-column-inner su-u-clearfix su-u-trim\">\nDie Musikneugier trieb ihn zu zahlreichen Gitarren- und Jazzworkshops quer durch die Republik. Auf seiner bisherigen musikalischen Reise hatte er das Gl\u00fcck gehabt, an jeder Haltestation phantastische Lehrer und Musiker zu treffen und bei Ihnen Gitarrenunterricht zu bekommen. Jeder einzelne von Ihnen hat ihm auf jeweils seiner einzigartigen Weise Neues beigebracht.Jeder von Ihnen hatte eine, oder mehrere spannende Geschichten zu erz\u00e4hlen. An dieser Stelle seien einige von Ihnen erw\u00e4hnt. All diesen Lehrern, die er bei den zahlreichen Workshops, Seminaren oder w\u00e4hrend des Studiums getroffen hatte, gilt der Dank f\u00fcr die vielen &#8222;<em>Aha&#8220;<\/em>&#8211; Momente und da\u00df sie ihm die Ohren ge\u00f6ffnet haben. <\/div><\/div><\/div>\n<div class=\"su-row\"><div class=\"su-column su-column-size-1-3\"><div class=\"su-column-inner su-u-clearfix su-u-trim\">\n\u2022 Peter O\u2019Mara<br \/>\n\u2022 Steve Erquiaga<br \/>\n\u2022 Philippe Catherine<br \/>\n\u2022 Brett Willmot<br \/>\n\u2022 Frank Haunschild<br \/>\n\u2022 Martin M\u00fcller<br \/>\n\u2022 Adelhard Roidinger<br \/>\n\u2022 Philipp van Endert <\/div><\/div><div class=\"su-column su-column-size-1-3\"><div class=\"su-column-inner su-u-clearfix su-u-trim\">\n\u2022 Norbert Scholly<br \/>\n\u2022 Werner Neumann<br \/>\n\u2022 Christian Eckert<br \/>\n\u2022 Paulo Morello<br \/>\n\u2022 Zelia Fonseca<br \/>\n\u2022 Russ Spiegel<br \/>\n\u2022 Martin Lejeune<br \/>\n\u2022 Rolf Marx <\/div><\/div><div class=\"su-column su-column-size-1-3\"><div class=\"su-column-inner su-u-clearfix su-u-trim\">\n\u2022 Otto Wolters<br \/>\n\u2022 Bernhard Sperrfechter<br \/>\n\u2022 Rolf Bussalb<br \/>\n\u2022 Uli Beckerhof<br \/>\n\u2022 R\u00fcdi Weckbacher<br \/>\n\u2022 Dr. Joerg Heuser<br \/>\n\u2022 Daniel Guggenheim<br \/>\n\u2022 Pat Martino <\/div><\/div><\/div>\n<pre><\/pre>\n<p><span class=\"code mm-code\">\u00a0<\/span><\/p>\n","protected":false},"excerpt":{"rendered":"<p>&nbsp; \u00a0<\/p>\n<p> <a class=\"continue-reading-link\" href=\"https:\/\/josavin.de\/wordpress\/bio-gitarre-gitarrenunterricht-frankfurt-nordend-grafik-kreation-unterricht\/\"><span>weter lesen<\/span><i class=\"crycon-right-dir\"><\/i><\/a> <\/p>\n","protected":false},"author":2,"featured_media":0,"parent":0,"menu_order":1,"comment_status":"closed","ping_status":"closed","template":"templates\/template-onecolumn.php","meta":{"footnotes":""},"class_list":["post-9","page","type-page","status-publish","hentry"],"_links":{"self":[{"href":"https:\/\/josavin.de\/wordpress\/wp-json\/wp\/v2\/pages\/9","targetHints":{"allow":["GET"]}}],"collection":[{"href":"https:\/\/josavin.de\/wordpress\/wp-json\/wp\/v2\/pages"}],"about":[{"href":"https:\/\/josavin.de\/wordpress\/wp-json\/wp\/v2\/types\/page"}],"author":[{"embeddable":true,"href":"https:\/\/josavin.de\/wordpress\/wp-json\/wp\/v2\/users\/2"}],"replies":[{"embeddable":true,"href":"https:\/\/josavin.de\/wordpress\/wp-json\/wp\/v2\/comments?post=9"}],"version-history":[{"count":224,"href":"https:\/\/josavin.de\/wordpress\/wp-json\/wp\/v2\/pages\/9\/revisions"}],"predecessor-version":[{"id":1238,"href":"https:\/\/josavin.de\/wordpress\/wp-json\/wp\/v2\/pages\/9\/revisions\/1238"}],"wp:attachment":[{"href":"https:\/\/josavin.de\/wordpress\/wp-json\/wp\/v2\/media?parent=9"}],"curies":[{"name":"wp","href":"https:\/\/api.w.org\/{rel}","templated":true}]}}

Über mich

<div class="su-row"><div class="su-column su-column-size-1-3"><div class="su-column-inner su-u-clearfix su-u-trim">
<div class="testbox1">
<h2>Gitarrist und Gestalter:</h2>
<p>Gitarrenlehrer: Privater Gitarrenunterricht, Lehrtätigkeit als Dozent an der VHS, Oberursel, Kronberg, Musikschule Clavina Höchst, Freiberuflicher Grafik-Designer: Kommerz, Bild-Ton-Kunstprojekte und Animationen.</p>
</div>
</div></div>
<div class="su-column su-column-size-1-3"><div class="su-column-inner su-u-clearfix su-u-trim"> <img loading="lazy" decoding="async" class="alignleft wp-image-522 size-full" src="https://josavin.de/wordpress/wp-content/uploads/2015/02/js_musik_schreiben.jpg" alt="Gitarrenunterricht Anfänger-Fortgeschrittene" width="300" height="135" srcset="https://josavin.de/wordpress/wp-content/uploads/2015/02/js_musik_schreiben.jpg 300w, https://josavin.de/wordpress/wp-content/uploads/2015/02/js_musik_schreiben-250x113.jpg 250w, https://josavin.de/wordpress/wp-content/uploads/2015/02/js_musik_schreiben-150x68.jpg 150w" sizes="auto, (max-width: 300px) 100vw, 300px" /></div></div>
<div class="su-column su-column-size-1-3"><div class="su-column-inner su-u-clearfix su-u-trim"><img loading="lazy" decoding="async" class="alignleft wp-image-523 size-full" src="https://josavin.de/wordpress/wp-content/uploads/2015/02/js_musik_zeichnen.jpg" alt="Unterricht Jazz-Blues-Rock-Latin" width="300" height="135" srcset="https://josavin.de/wordpress/wp-content/uploads/2015/02/js_musik_zeichnen.jpg 300w, https://josavin.de/wordpress/wp-content/uploads/2015/02/js_musik_zeichnen-250x113.jpg 250w, https://josavin.de/wordpress/wp-content/uploads/2015/02/js_musik_zeichnen-150x68.jpg 150w" sizes="auto, (max-width: 300px) 100vw, 300px" /></div></div>
<div class="su-row"></div>
<div class="su-column su-column-size-1-1"><div class="su-column-inner su-u-clearfix su-u-trim">
<h3><strong>Balanciert unermüdlich und mutig zwischen Musikmachen, Gitarrenunterricht, Kunst und Kommerz.</strong></h3>
<p>Seine Tätigkeit ist ein MIX aus gestalteten visuellen, konzeptionellen Arbeiten und der Musik. Er verbrachte in seinem Leben ungefähr die gleiche Zeit mit dem Zeichenstift und am Mac wie mit der Gitarre. </div></div></div>
<div class="su-row">
<div class="su-column su-column-size-1-2"><div class="su-column-inner su-u-clearfix su-u-trim">
<h3><strong><img loading="lazy" decoding="async" class="alignleft wp-image-404 size-full" src="https://josavin.de/wordpress/wp-content/uploads/2015/02/Bildschirmfoto-2015-02-22-um-02.58.23.png" alt="Jo Savin Notenschlüssel" width="71" height="76" />Musikseite:</strong></h3>
<h4><span style="text-decoration: underline;">Bandaktivitäten</span></h4>
<p>in Würzburg, Gitarrenduo, Cosmic Trigger (Rockband), einige Auftritte in Würzburg und Schweinfurt, Jazzband Aktivitäten in Frankfurt (Duo, Quartett,) mit Auftritten bei privaten Veranstaltungen, Firmenfesten, Jubiläumsfeiern, Strassenfesten, Vernissagen (Duo), Museumsufer.</p>
<p><span style="text-decoration: underline;">Digitale Soundbearbeitung</span>: Vertonung und Sprache für Flashanimation und für Animationsfilme für Bund Hessen, animierter Filmbeitrag für Kunstausstellung in der Orangerie Würzburg. </div></div>
<div class="su-column su-column-size-1-2"><div class="su-column-inner su-u-clearfix su-u-trim">
<h3><strong><img loading="lazy" decoding="async" class="alignleft wp-image-424 size-full" src="https://josavin.de/wordpress/wp-content/uploads/2015/02/smily.png" alt="jo savin bio_smily" width="69" height="66" />Visuell-konzeptionelle Arbeiten:</strong></h3>
<h4><span style="text-decoration: underline;">Art Direction:</span></h4>
<p>Mitarbeiter in Festanstellung bei verschiedenen Werbeagenturen als kreativer Kopf, Art Direktor zuständig für die Konzeption und Gestaltung unterschiedlichster Produkte.</p>
<p><span style="text-decoration: underline;">Arbeiten als Freelancer:</span> (freier Art Direktor) für Werbeagenturen, analoge und digitale Illustrationen, Animationen , Webdesign CMS (WordPress), HTML, CSS, Bildbearbeitung, Webkonzeption, Corporate Design, Gestaltung für KMU.</p>
<p>Eigene Beiträge (Cartoon, <a href="https://josavin.de/wordpress/jo-savin-animation/">Animation</a>) und Mitarbeit an Cartoon- und Kunstausstellung.</p>
<p>Faible für lustige Illustrationen und <a href="https://josavin.de/wordpress/katzen-moll/">Cartoons</a>, bewegte Bilder und Vertonen von bewegten Bildern, Dramaturgie, Storytelling.</p>
<p>Näheres: <a href="http://www.groovygrafillero.de" target="_blank" rel="noopener noreferrer">www.groovygrafillero.de</a> </div></div>
</div>
<p>&nbsp;</p>
<div class="su-row">
<div class="su-column su-column-size-1-2"><div class="su-column-inner su-u-clearfix su-u-trim"> Seine musikalischen Interessen sind breit gefächert. Bei gitarrenorientierter Musik wird er sehr hellhörig. Improvisierte Musik aus dem Jazz, Fusion, Rock und Latin Bereich lässt allerding sein Herz höher schlagen. Geprägt wurde er zunächst durch die Klänge der Siebziger. Hendrix und Blackmore waren die ersten Gitarristen die seine Neugier anstachelten. Schnell kamen diverse andere Rockgitarristen der Siebziger dazu, dann Joe Pass und all die Typen aus den verschiedenen Jazz Epochen. Später dann Paco DeLucia, John Sco., J. McLoughlin. Remler, J.Hall, Wes&#8230; Irgendwann wußte er nicht mehr welche Musiker/In er zuerst hören sollte . Und das waren gerade mal nur aus dem Bereich Gitarre. Andere Musiker drangen in sein Bewußtsein ein: Miles, Coltrane, McCoy, dann Musiker neueren Datums&#8230; </div></div><div class="su-column su-column-size-1-2"><div class="su-column-inner su-u-clearfix su-u-trim">
Die Musikneugier trieb ihn zu zahlreichen Gitarren- und Jazzworkshops quer durch die Republik. Auf seiner bisherigen musikalischen Reise hatte er das Glück gehabt, an jeder Haltestation phantastische Lehrer und Musiker zu treffen und bei Ihnen Gitarrenunterricht zu bekommen. Jeder einzelne von Ihnen hat ihm auf jeweils seiner einzigartigen Weise Neues beigebracht.Jeder von Ihnen hatte eine, oder mehrere spannende Geschichten zu erzählen. An dieser Stelle seien einige von Ihnen erwähnt. All diesen Lehrern, die er bei den zahlreichen Workshops, Seminaren oder während des Studiums getroffen hatte, gilt der Dank für die vielen &#8222;<em>Aha&#8220;</em>&#8211; Momente und daß sie ihm die Ohren geöffnet haben. </div></div></div>
<div class="su-row"><div class="su-column su-column-size-1-3"><div class="su-column-inner su-u-clearfix su-u-trim">
• Peter O’Mara<br />
• Steve Erquiaga<br />
• Philippe Catherine<br />
• Brett Willmot<br />
• Frank Haunschild<br />
• Martin Müller<br />
• Adelhard Roidinger<br />
• Philipp van Endert </div></div><div class="su-column su-column-size-1-3"><div class="su-column-inner su-u-clearfix su-u-trim">
• Norbert Scholly<br />
• Werner Neumann<br />
• Christian Eckert<br />
• Paulo Morello<br />
• Zelia Fonseca<br />
• Russ Spiegel<br />
• Martin Lejeune<br />
• Rolf Marx </div></div><div class="su-column su-column-size-1-3"><div class="su-column-inner su-u-clearfix su-u-trim">
• Otto Wolters<br />
• Bernhard Sperrfechter<br />
• Rolf Bussalb<br />
• Uli Beckerhof<br />
• Rüdi Weckbacher<br />
• Dr. Joerg Heuser<br />
• Daniel Guggenheim<br />
• Pat Martino </div></div></div>
<pre></pre>
<p><span class="code mm-code"> </span></p>
